usands digit of 3028118?
8
What is the ten thousands digit of 34814207?
1
What is the thousands digit of 1879454?
9
What is the hundred thousands digit of 540440?
5
What is the tens digit of 3659118?
1
What is the ten thousands digit of 2152842?
5
What is the millions digit of 20777146?
0
What is the hundred thousands digit of 4290695?
2
What is the tens digit of 4671101?
0
What is the units digit of 1085162?
2
What is the millions digit of 11828366?
1
What is the hundreds digit of 410810?
8
What is the millions digit of 9627684?
9
What is the thousands digit of 213803?
3
What is the hundred thousands digit of 253803?
2
What is the millions digit of 3488054?
3
What is the millions digit of 32271684?
2
What is the tens digit of 1059793?
9
What is the thousands digit of 3802813?
2
What is the hundred thousands digit of 22281525?
2
What is the hundred thousands digit of 781912?
7
What is the ten thousands digit of 67119?
6
What is the thousands digit of 86226?
6
What is the tens digit of 169783?
8
What is the tens digit of 383703?
0
What is the thousands digit of 1680763?
0
What is the hundreds digit of 564164?
1
What is the ten thousands digit of 1382952?
8
What is the millions digit of 2825265?
2
What is the tens digit of 314369?
6
What is the tens digit of 2730862?
6
What is the thousands digit of 1283452?
3
What is the units digit of 20759847?
7
What is the hundreds digit of 9365039?
0
What is the hundred thousands digit of 1419887?
4
What is the units digit of 161122?
2
What is the thousands digit of 3398438?
8
What is the units digit of 23143009?
9
What is the units digit of 1575731?
1
What is the ten thousands digit of 70197?
7
What is the units digit of 1652192?
2
What is the tens digit of 11546930?
3
What is the units digit of 83674?
4
What is the hundreds digit of 107187?
1
What is the tens digit of 12216?
1
What is the units digit of 307257?
7
What is the ten thousands digit of 648919?
4
What is the hundred thousands digit of 2615774?
6
What is the millions digit of 2314818?
2
What is the units digit of 33909303?
3
What is the thousands digit of 4950244?
0
What is the thousands digit of 517753?
7
What is the tens digit of 1701292?
9
What is the hundred thousands digit of 219627?
2
What is the thousands digit of 444031?
4
What is the thousands digit of 23606385?
6
What is the hundred thousands digit of 3054646?
0
What is the thousands digit of 6191?
6
What is the thousands digit of 2832522?
2
What is the hundred thousands digit of 682609?
6
What is the thousands digit of 10619509?
9
What is the thousands digit of 5548177?
8
What is the thousands digit of 356193?
6
What is the millions digit of 5159948?
5
What is the thousands digit of 905043?
5
What is the hundred thousands digit of 6295244?
2
What is the units digit of 1619650?
0
What is the millions digit of 6091657?
6
What is the hundreds digit of 352665?
6
What is the ten thousands digit of 7153584?
5
What is the hundreds digit of 2016832?
8
What is the units digit of 369000?
0
What is the units digit of 256838?
8
What is the millions digit of 8348375?
8
What is the units digit of 18537463?
3
What is the units digit of 460328?
8
What is the tens digit of 21821127?
2
What is the hundred thousands digit of 6360403?
3
What is the hundred thousands digit of 5876415?
8
What is the thousands digit of 3325165?
5
What is the hundred thousands digit of 3931333?
9
What is the ten thousands digit of 15617824?
1
What is the hundred thousands digit of 376874?
3
What is the hundreds digit of 245689?
6
What is the hundred thousands digit of 11735937?
7
What is the tens digit of 98091?
9
What is the units digit of 942630?
0
What is the tens digit of 4393136?
3
What is the tens digit of 258816?
1
What is the thousands digit of 12758170?
8
What is the hundreds digit of 157299?
2
What is the units digit of 892778?
8
What is the hundreds digit of 428577?
5
What is the units digit of 20397514?
4
What is the ten thousands digit of 1082913?
8
What is the millions digit of 24295500?
4
What is the ten thousands digit of 6873540?
7
What is the units digit of 7794285?
5
What is the hundreds digit of 628923?
9
What is the thousands digit of 1398549?
8
What is the units digit of 6603?
3
What is the units digit of 1046068?
8
What is the tens digit of 63142?
4
What is the ten thousands digit of 8900305?
0
What is the thousands digit of 28133347?
3
What is the thousands digit of 6269272?
9
What is the ten thousands digit of 343965?
4
What is the ten thousands digit of 4017665?
1
What is the thousands digit of 998085?
8
What is the ten thousands digit of 1737648?
3
What is the tens digit of 332805?
0
What is the tens digit of 3605917?
1
What is the hundred thousands digit of 839659?
8
What is the units digit of 14118144?
4
What is the millions digit of 8718549?
8
What is the ten millions digit of 15581510?
1
What is the tens digit of 228264?
6
What is the units digit of 20999621?
1
What is the units digit of 4004321?
1
What is the hundreds digit of 2049394?
3
What is the tens digit of 1892352?
5
What is the ten thousands digit of 1432116?
3
What is the hundred thousands digit of 134725?
1
What is the hundreds digit of 6097997?
9
What is the ten thousands digit of 298283?
9
What is the hundreds digit of 569466?
4
What is the tens digit of 4545766?
6
What is the thousands digit of 1598386?
8
What is the ten thousands digit of 1281181?
8
What is the tens digit of 2381560?
6
What is the hundreds digit of 471328?
3
What is the units digit of 282243?
3
What is the units digit of 5548888?
8
What is the tens digit of 17041469?
6
What is the hundreds digit of 756367?
3
What is the thousands digit of 7334478?
4
What is the tens digit of 112389?
8
What is the ten thousands digit of 1018533?
1
What is the hundred thousands digit of 8164692?
1
What is the hundred thousands digit of 2050929?
0
What is the hundreds digit of 441051?
0
What is the hundred thousands digit of 487073?
4
What is the hundred thousands digit of 1634146?
6
What is the ten thousands digit of 30781?
3
What is the thousands digit of 6150301?
0
What is the units digit of 1794162?
2
What is the millions digit of 10733859?
0
What is the hundreds digit of 326469?
4
What is the ten thousands digit of 878268?
7
What is the millions digit of 2815630?
2
What is the hundred thousands digit of 5627408?
6
What is the thousands digit of 4630121?
0
What is the units digit of 2714173?
3
What is the units digit of 181886?
6
What is the units digit of 152128?
8
What is the ten thousands digit of 148669?
4
What is the millions digit of 14093565?
4
What is the tens digit of 19102751?
5
What is the millions digit of 14756842?
4
What is the ten thousands digit of 2181778?
8
What is the units digit of 16185214?
4
What is the units digit of 5188548?
8
What is the units digit of 56140?
0
What is the millions digit of 4841961?
4
What is the hundreds digit of 1313270?
2
What is the tens digit of 37945444?
4
What is the millions digit of 3983904?
3
What is the millions digit of 16133554?
6
What is the tens digit of 1486184?
8
What is the ten thousands digit of 345140?
4
What is the ten thousands digit of 860501?
6
What is the millions digit of 1443816?
1
What is the ten thousands digit of 1986076?
8
What is the tens digit of 8749895?
9
What is the units digit of 831206?
6
What is the thousands digit of 8664470?
4
What is the units digit of 397846?
6
What is the units digit of 222645?
5
What is the hundreds digit of 4957093?
0
What is the tens digit of 1654735?
3
What is the millions digit of 9064632?
9
What is the units digit of 581484?
4
What is the hundreds digit of 426815?
8
What is the thousands digit of 27591645?
1
What is the thousands digit of 27530391?
0
What is the tens digit of 1030526?
2
What is the tens digit of 1975866?
6
What is the ten thousands digit of 363186?
6
What is the hundreds digit of 176572?
5
What is the thousands digit of 70679?
0
What is the ten thousands digit of 157089?
5
What is the ten thousands digit of 576187?
7
What is the tens digit of 176286?
8
What is the ten millions digit of 10877697?
1
What is the thousands digit of 1774602?
4
What is the units digit of 10208881?
1
What is the ten thousands digit of 5555258?
5
What is the millions digit o